lculate the greatest common factor of 4 and b.
4
Suppose 0*c + 2*c = 30. Let i be (-3651)/(-27) - (-2)/(-9). What is the highest common factor of c and i?
15
Let k be (-1352)/(-12) - 4/6. Calculate the highest common factor of k and 14.
14
Suppose -q = 5*l - 284, 4*l - 20 - 196 = 2*q. What is the greatest common divisor of 8 and l?
8
Suppose -4*v - 70 = -4*f - 2*v, -90 = -4*f - 2*v. Calculate the greatest common factor of 220 and f.
20
Let h(q) = -q**3 - 2*q - 8*q**2 + 0*q - 6 + 13 + 4*q. Let r be h(-9). What is the highest common factor of 28 and r?
14
Let o = -101 - -145. What is the highest common factor of 11 and o?
11
Let h(b) = -4*b - 27. Let r be h(-7). Calculate the greatest common divisor of r and 2.
1
Let j(a) = a**2 - 6*a + 8. Suppose -27 = -4*x - 3*b, -2*x + 17 = 2*b + 3*b. Let r be j(x). What is the greatest common factor of 24 and r?
8
Let m be (-655)/(-35) + (-4)/(-14). Suppose -4*l + 2*s + 52 = 6*s, m = l + 3*s. What is the greatest common factor of 90 and l?
10
Let u be (0 + -21)*(-5)/15. Let r(f) = f**2 - 3*f + 4. Let l be (-2)/((-4)/(-2)) - -6. Let m be r(l). What is the highest common divisor of u and m?
7
Let n be 1 + 2 + -25 + 14. Let l = 27 - n. Suppose -5*o - 3*g + 58 = 0, -18 = -o + 2*g - g. Calculate the greatest common divisor of o and l.
7
Suppose -5*n + 0*n = 0. Let b(s) = s + 11. Let i be b(n). Let v(j) = 18*j**2 - 2*j - 2. Let l be v(2). What is the highest common factor of l and i?
11
Let m(n) = -40*n + 10. Let y(j) = -27*j + 7. Let a(w) = 5*m(w) - 7*y(w). Let t be a(-1). Let c = 501 - 393. Calculate the highest common divisor of c and t.
12
Let a = -53 + 96. Calculate the highest common divisor of 301 and a.
43
Let u(k) = 10*k - 5. Let i be u(4). Let f = -25 + i. What is the highest common divisor of f and 70?
10
Let q(k) be the first derivative of -3*k**2/2 + k + 4. Let a be q(-7). What is the highest common divisor of a and 55?
11
Suppose 3*r - 1 = 2*r. Let s be (-14)/(-6) + (-1)/3. Let p be r*(31 + 1) - s. What is the greatest common divisor of 15 and p?
15
Suppose 2*g + 13 = 5. Let c be (-3 + (-6)/g)*-8. Suppose j - c = 8. Calculate the greatest common divisor of j and 4.
4
Let n = 231 + -88. Let v be -5*(-21 - 2/(-1)). Let x = n - v. What is the highest common divisor of 6 and x?
6
Let h = 16 + -11. Suppose 2*d + 3*d = h. What is the greatest common divisor of 1 and d?
1
Let f be 2/((-7)/(98/(-4))). Suppose -3*b = -2*n - 46, n + n = -3*b + 38. Let y be (-2)/(-4)*0 + b. What is the greatest common divisor of y and f?
7
Suppose 0 = a - 3*c - 21, -a = a - c - 67. Calculate the greatest common factor of 18 and a.
18
Suppose -87 = 3*p - 7*f + 4*f, 0 = -5*f - 15. Let h be -3 - (-3 - p/(-2)). Calculate the greatest common factor of 8 and h.
8
Let b be 15/10 - 2/(-4). Suppose -n - 2*y = -7*y - 12, -b*n = 2*y. What is the greatest common divisor of 8 and n?
2
Let s(p) = p**2 + p - 2. Let j be s(-2). Suppose -2*q = d - 0*q + 2, j = 3*d - 4*q - 14. Suppose -n - 70 = -d*n. What is the highest common divisor of 14 and n?
14
Let f = 44 - 34. Let l(c) = c + 4. Let k be l(6). What is the highest common factor of k and f?
10
Let o be 332/14 - (-2)/7. Let m be (-64)/(-32)*6/4. What is the highest common factor of o and m?
3
Let d = -6 - -7. Let n be d*(32 - (-3 + 5)). Calculate the greatest common factor of n and 15.
15
Let a = 10 + 2. Let m be a*(38/3 + -2). Calculate the greatest common factor of m and 16.
16
Let w(a) = a**2 + 8*a + 7. Let t be w(-5). Suppose 4*c = 2*c + 48. Let m = c + t. What is the greatest common divisor of 24 and m?
8
Suppose -s - 3 = -15. What is the greatest common divisor of s and 48?
12
Suppose -5*f - n = n + 30, -3*n - 31 = 4*f. Let x(h) = -30*h - 1. Let m be x(f). Calculate the highest common factor of m and 17.
17
Let o(h) = -5*h - 2. Let m be o(-2). Suppose 4*c - 8 = -4. Calculate the highest common factor of c and m.
1
Let t be ((-2)/7)/(-3*3/63). Let o = -7 - -11. Suppose 0 = -o*n + 2 + 38. What is the greatest common divisor of t and n?
2
Suppose 0 = k - 3*k + 266. What is the greatest common divisor of k and 19?
19
Suppose -5*t + 110 = -0*o + 3*o, 5 = 5*t. Calculate the highest common factor of 5 and o.
5
Let m be 3/6*(1 + 1). Let f = 0 - m. Let u be (-6)/(-6)*(11 - f). Calculate the greatest common divisor of 96 and u.
12
Let x be 12 - (-2 + 1 + 2). Let m(d) = 6*d - 3*d + 4*d - 12. Let f be m(8). Calculate the highest common factor of f and x.
11
Let i = 52 + -44. What is the greatest common factor of 64 and i?
8
Let m(r) = -12*r - 10. Let n be m(-5). Calculate the greatest common divisor of n and 125.
25
Let b(x) = x**3 - 9*x**2 - 10*x - 3. Let q be b(10). Let l(c) = 2*c**2 + 3*c - 3. Let s be l(q). What is the highest common divisor of s and 9?
3
Let u be 1 + (-13 - 5)/(-6)*1. Suppose 0*w - 2*w = -2. What is the greatest common divisor of u and w?
1
Suppose -4*d + 270 = -d. What is the highest common factor of d and 36?
18
Let j(q) = 95*q**3 + 1. Let n be j(1). Calculate the greatest common divisor of n and 16.
16
Suppose 2*r = -4*a - r + 30, -14 = -2*a - r. What is the highest common factor of a and 18?
6
Let r(w) = -3*w - w - 3*w - 5. Let s be r(-3). What is the greatest common factor of 2 and s?
2
Let t = -92 - -104. Calculate the highest common factor of t and 6.
6
Let t = -35 - -45. What is the greatest common factor of t and 90?
10
Let h = -86 - -40. Let p be 7*(1 + h/(-14)). Let j(w) = 4*w**2 - 3*w - 1. Let i be j(-4). Calculate the highest common divisor of i and p.
15
Suppose 7*h = 7 + 119. Calculate the highest common divisor of h and 72.
18
Suppose -3 - 17 = -5*q, -2*q = -2*w + 32. Calculate the highest common factor of w and 50.
10
Let t(n) = n**3 - 6*n**2 - 4*n - 17. Let s be t(7). Calculate the highest common divisor of s and 44.
4
Let q be ((-3)/(-1) - 2) + 59. Let c(u) = 6*u - 3. Let v be c(4). Suppose -v = -5*w + 54. Calculate the greatest common divisor of q and w.
15
Suppose 0 = 3*z + s - 1, 8 - 1 = z - 3*s. Suppose g + 5*k + z = -9, 0 = 2*g + 5*k. What is the highest common factor of 80 and g?
10
Let u be (-1)/((-1)/5) - -1. Let f(w) = 3*w + 3. Let b be f(5). What is the highest common divisor of b and u?
6
Suppose -w = -3 - 4. Let c(u) = -49*u. Let j be c(-1). What is the greatest common factor of w and j?
7
Let b = 13 - -102. Suppose 5*x - b - 615 = 0. Suppose 5*g = 24 + x. What is the highest common divisor of 17 and g?
17
Let w = 44 - -44. Suppose y - 3*y + 4*c + w = 0, -3*y - 3*c = -114. Calculate the greatest common divisor of y and 10.
10
Suppose 4*f = -h + 106, -2*f + 4*h + 50 = 3*h. Let s be 1 - (-12 - 0/1). Calculate the greatest common factor of f and s.
13
Suppose -60 = -2*f - 2*f. Calculate the highest common divisor of 15 and f.
15
Let m(v) = v**3 - 6*v**2 - 6*v - 8. Let j be m(8). What is the highest common factor of 8 and j?
8
Suppose a - 36 - 22 = 0. What is the greatest common factor of a and 145?
29
Suppose 99 + 45 = 3*f. Calculate the greatest common divisor of 32 and f.
16
Suppose -180 = 13*m - 713. Calculate the highest common divisor of m and 164.
41
Suppose -5*b = -g - 0*g - 634, b - 4*g = 142. Calculate the highest common factor of 18 and b.
18
Let c = 332 - 206. Calculate the highest common factor of c and 84.
42
Suppose -2*j + 4*g + 22 = 0, -g = -2 + 3. Suppose -49 = -2*y + 5. What is the greatest common factor of j and y?
9
Suppose 5*z - 4*o - 33 = 0, -2*o = 5*z + 2*o - 57. What is the greatest common divisor of 18 and z?
9
Suppose -s - 116 = -3*o + 92, 2*o + 2*s = 128. What is the greatest common factor of 51 and o?
17
Suppose 2*v - 10 = -0*v. Suppose 0 = 3*k + 12, -4*o + 0*k - v*k + 36 = 0. Suppose -5*g + 1 + o = 0. What is the highest common factor of g and 3?
3
Let u = -15 + 3. Let h = u - -40. Let a be 30/4*h/3. Calculate the highest common divisor of 14 and a.
14
Let r(i) = -i**2 - 8*i - 7. Let h be r(-6). Suppose -x = -h*g + 13, -20 = -g - 3*g. What is the highest common factor of x and 2?
2
Let z = 1 + 4. Suppose -3*k + 77 = z*r, 2*k + 49 = 4*k + r. Let c = 20 - 14. Calculate the highest common factor of k and c.
6
Let c = -5 - -7. Suppose a = -c*a. Suppose a = -2*z + 6*z - 4. What is the highest common factor of 9 and z?
1
Let x(g) = -g**2 - 9*g + 12. Let b be x(-10). Suppose 13 = b*i - 1. Let o = i - 3. Calculate the greate